{"id":236,"date":"2015-01-16T13:59:20","date_gmt":"2015-01-16T12:59:20","guid":{"rendered":"http:\/\/overnet.hu\/?page_id=236"},"modified":"2015-01-16T13:59:20","modified_gmt":"2015-01-16T12:59:20","slug":"hunya","status":"publish","type":"page","link":"https:\/\/overnet.hu\/?page_id=236","title":{"rendered":"Hunya"},"content":{"rendered":"<table style=\"height: 602px;\" width=\"382\">\n<tbody>\n<tr>\n<td colspan=\"2\" width=\"599\"><strong><br \/>\n<\/strong><strong><em>Hunya ter\u00fclet\u00e9n a bek\u00f6thet\u0151 utc\u00e1k list\u00e1ja<br \/>\n<\/em><\/strong><\/td>\n<\/tr>\n<tr>\n<td colspan=\"2\" width=\"599\"><strong><em>\u00a0<\/em><\/strong><\/td>\n<\/tr>\n<tr>\n<td width=\"150\"><strong><em>Utcan\u00e9v<\/em><\/strong><\/td>\n<td width=\"448\"><strong><em>H\u00e1zsz\u00e1m (t\u00f3l-ig) vagy utc\u00e1t\u00f3l-utc\u00e1ig<\/em><\/strong><\/td>\n<\/tr>\n<tr>\n<td width=\"150\"><em>R\u00e1k\u00f3czi<\/em><\/td>\n<td width=\"448\"><em>1-43, 2-28<\/em><\/td>\n<\/tr>\n<tr>\n<td width=\"150\"><em>T\u00e1ncsics<\/em><\/td>\n<td width=\"448\"><em>1-25, 2-24<\/em><\/td>\n<\/tr>\n<tr>\n<td width=\"150\"><em>Alkotm\u00e1ny<\/em><\/td>\n<td width=\"448\"><em>1-13, 2-18<\/em><\/td>\n<\/tr>\n<tr>\n<td width=\"150\"><em>V\u00f6r\u00f6smarty<\/em><\/td>\n<td width=\"448\"><em>1-41, 2-40<\/em><\/td>\n<\/tr>\n<tr>\n<td width=\"150\"><em>J\u00f3zsef Attila<\/em><\/td>\n<td width=\"448\"><em>1-39, 2-40<\/em><\/td>\n<\/tr>\n<tr>\n<td width=\"150\"><em>Pet\u0151fi<\/em><\/td>\n<td width=\"448\"><em>1-15, 2-30<\/em><\/td>\n<\/tr>\n<tr>\n<td width=\"150\"><em>Liget<\/em><\/td>\n<td width=\"448\"><em>1-8<\/em><\/td>\n<\/tr>\n<tr>\n<td width=\"150\"><em>\u00d3voda<\/em><\/td>\n<td width=\"448\"><em>1-19, 2-20<\/em><\/td>\n<\/tr>\n<tr>\n<td width=\"150\"><em>Sz\u00e9ch\u00e9nyi<\/em><\/td>\n<td width=\"448\"><em>1-17, 2-20<\/em><\/td>\n<\/tr>\n<\/tbody>\n<\/table>\n","protected":false},"excerpt":{"rendered":"<p>Hunya ter\u00fclet\u00e9n a bek\u00f6thet\u0151 utc\u00e1k list\u00e1ja \u00a0 Utcan\u00e9v H\u00e1zsz\u00e1m (t\u00f3l-ig) vagy utc\u00e1t\u00f3l-utc\u00e1ig R\u00e1k\u00f3czi 1-43, 2-28 T\u00e1ncsics 1-25, 2-24 Alkotm\u00e1ny 1-13, 2-18 V\u00f6r\u00f6smarty 1-41, 2-40 J\u00f3zsef Attila 1-39, 2-40 Pet\u0151fi 1-15, [&hellip;]<\/p>\n","protected":false},"author":2,"featured_media":0,"parent":2,"menu_order":0,"comment_status":"closed","ping_status":"closed","template":"","meta":{"footnotes":""},"class_list":["post-236","page","type-page","status-publish","hentry","has_no_thumb"],"jetpack_sharing_enabled":true,"_links":{"self":[{"href":"https:\/\/overnet.hu\/index.php?rest_route=\/wp\/v2\/pages\/236","targetHints":{"allow":["GET"]}}],"collection":[{"href":"https:\/\/overnet.hu\/index.php?rest_route=\/wp\/v2\/pages"}],"about":[{"href":"https:\/\/overnet.hu\/index.php?rest_route=\/wp\/v2\/types\/page"}],"author":[{"embeddable":true,"href":"https:\/\/overnet.hu\/index.php?rest_route=\/wp\/v2\/users\/2"}],"replies":[{"embeddable":true,"href":"https:\/\/overnet.hu\/index.php?rest_route=%2Fwp%2Fv2%2Fcomments&post=236"}],"version-history":[{"count":1,"href":"https:\/\/overnet.hu\/index.php?rest_route=\/wp\/v2\/pages\/236\/revisions"}],"predecessor-version":[{"id":237,"href":"https:\/\/overnet.hu\/index.php?rest_route=\/wp\/v2\/pages\/236\/revisions\/237"}],"up":[{"embeddable":true,"href":"https:\/\/overnet.hu\/index.php?rest_route=\/wp\/v2\/pages\/2"}],"wp:attachment":[{"href":"https:\/\/overnet.hu\/index.php?rest_route=%2Fwp%2Fv2%2Fmedia&parent=236"}],"curies":[{"name":"wp","href":"https:\/\/api.w.org\/{rel}","templated":true}]}}