{"id":234,"date":"2015-01-16T13:58:12","date_gmt":"2015-01-16T12:58:12","guid":{"rendered":"http:\/\/overnet.hu\/?page_id=234"},"modified":"2015-01-16T13:58:12","modified_gmt":"2015-01-16T12:58:12","slug":"gyomaendrod","status":"publish","type":"page","link":"https:\/\/overnet.hu\/?page_id=234","title":{"rendered":"Gyomaendr\u0151d"},"content":{"rendered":"<table style=\"height: 512px;\" width=\"400\">\n<tbody>\n<tr>\n<td colspan=\"2\" width=\"599\"><strong><em>Gyomaendr\u0151d v\u00e1ros ter\u00fclet\u00e9n a bek\u00f6thet\u0151 utc\u00e1k list\u00e1ja<br \/>\n<\/em><\/strong><\/td>\n<\/tr>\n<tr>\n<td colspan=\"2\" width=\"599\"><strong><em>\u00a0<\/em><\/strong><\/td>\n<\/tr>\n<tr>\n<td width=\"166\"><strong><em>Utcan\u00e9v<\/em><\/strong><\/td>\n<td width=\"433\"><strong><em>H\u00e1zsz\u00e1m (t\u00f3l-ig) vagy utc\u00e1t\u00f3l-utc\u00e1ig<\/em><\/strong><\/td>\n<\/tr>\n<tr>\n<td width=\"166\"><em>Bajcsy<\/em><\/td>\n<td width=\"433\"><em>Kossuth &#8211; Kazinczy<\/em><\/td>\n<\/tr>\n<tr>\n<td width=\"166\"><em>K\u00e1lvin<\/em><\/td>\n<td width=\"433\"><em>77-83\/1, 38-50<\/em><\/td>\n<\/tr>\n<tr>\n<td width=\"166\"><em>L\u00e9vai<\/em><\/td>\n<td width=\"433\"><em>1-19, 2-10, Sil\u00f3ig<\/em><\/td>\n<\/tr>\n<tr>\n<td width=\"166\"><em>Kossuth<\/em><\/td>\n<td width=\"433\"><em>1-35, 2-42<\/em><\/td>\n<\/tr>\n<tr>\n<td width=\"166\"><em>H\u0151s\u00f6k<\/em><\/td>\n<td width=\"433\"><em>45-73, 44-66\/1<\/em><\/td>\n<\/tr>\n<tr>\n<td width=\"166\"><em>F\u0151<\/em><\/td>\n<td width=\"433\"><em>183-187,220-230<\/em><\/td>\n<\/tr>\n<tr>\n<td width=\"166\"><em>Pet\u0151fi<\/em><\/td>\n<td width=\"433\"><em>2-4<\/em><\/td>\n<\/tr>\n<tr>\n<td width=\"166\"><em>Szabads\u00e1g t\u00e9r<\/em><\/td>\n<td width=\"433\"><em>H\u0151s\u00f6k \u00fatja &#8211; Polg\u00e1rmestesteri Hivatal<\/em><\/td>\n<\/tr>\n<\/tbody>\n<\/table>\n","protected":false},"excerpt":{"rendered":"<p>Gyomaendr\u0151d v\u00e1ros ter\u00fclet\u00e9n a bek\u00f6thet\u0151 utc\u00e1k list\u00e1ja \u00a0 Utcan\u00e9v H\u00e1zsz\u00e1m (t\u00f3l-ig) vagy utc\u00e1t\u00f3l-utc\u00e1ig Bajcsy Kossuth &#8211; Kazinczy K\u00e1lvin 77-83\/1, 38-50 L\u00e9vai 1-19, 2-10, Sil\u00f3ig Kossuth 1-35, 2-42 H\u0151s\u00f6k 45-73, 44-66\/1 [&hellip;]<\/p>\n","protected":false},"author":2,"featured_media":0,"parent":2,"menu_order":0,"comment_status":"closed","ping_status":"closed","template":"","meta":{"footnotes":""},"class_list":["post-234","page","type-page","status-publish","hentry","has_no_thumb"],"jetpack_sharing_enabled":true,"_links":{"self":[{"href":"https:\/\/overnet.hu\/index.php?rest_route=\/wp\/v2\/pages\/234","targetHints":{"allow":["GET"]}}],"collection":[{"href":"https:\/\/overnet.hu\/index.php?rest_route=\/wp\/v2\/pages"}],"about":[{"href":"https:\/\/overnet.hu\/index.php?rest_route=\/wp\/v2\/types\/page"}],"author":[{"embeddable":true,"href":"https:\/\/overnet.hu\/index.php?rest_route=\/wp\/v2\/users\/2"}],"replies":[{"embeddable":true,"href":"https:\/\/overnet.hu\/index.php?rest_route=%2Fwp%2Fv2%2Fcomments&post=234"}],"version-history":[{"count":1,"href":"https:\/\/overnet.hu\/index.php?rest_route=\/wp\/v2\/pages\/234\/revisions"}],"predecessor-version":[{"id":235,"href":"https:\/\/overnet.hu\/index.php?rest_route=\/wp\/v2\/pages\/234\/revisions\/235"}],"up":[{"embeddable":true,"href":"https:\/\/overnet.hu\/index.php?rest_route=\/wp\/v2\/pages\/2"}],"wp:attachment":[{"href":"https:\/\/overnet.hu\/index.php?rest_route=%2Fwp%2Fv2%2Fmedia&parent=234"}],"curies":[{"name":"wp","href":"https:\/\/api.w.org\/{rel}","templated":true}]}}