{"id":222,"date":"2015-01-15T21:18:42","date_gmt":"2015-01-15T20:18:42","guid":{"rendered":"http:\/\/overnet.hu\/?page_id=222"},"modified":"2015-01-16T13:47:34","modified_gmt":"2015-01-16T12:47:34","slug":"mezobereny","status":"publish","type":"page","link":"https:\/\/overnet.hu\/?page_id=222","title":{"rendered":"Mez\u0151ber\u00e9ny"},"content":{"rendered":"<table style=\"height: 1929px;\" width=\"408\">\n<tbody>\n<tr>\n<td colspan=\"2\" width=\"599\"><strong><em>Mez\u0151ber\u00e9ny ter\u00fclet\u00e9n a bek\u00f6thet\u0151 utc\u00e1k list\u00e1ja<br \/>\n<\/em><\/strong><\/td>\n<\/tr>\n<tr>\n<td colspan=\"2\" width=\"599\"><strong><em>Standard bek\u00f6thet\u0151s\u00e9g<\/em><\/strong><\/td>\n<\/tr>\n<tr>\n<td width=\"183\"><strong><em>Utcan\u00e9v<\/em><\/strong><\/td>\n<td width=\"416\"><strong><em>H\u00e1zsz\u00e1m (t\u00f3l-ig) vagy utc\u00e1t\u00f3l-utc\u00e1ig<\/em><\/strong><\/td>\n<\/tr>\n<tr>\n<td width=\"183\"><em>Gyomai<\/em><\/td>\n<td width=\"416\"><em>1-107, 2-20<\/em><\/td>\n<\/tr>\n<tr>\n<td width=\"183\"><em>F\u0151<\/em><\/td>\n<td width=\"416\"><em>2-20, 5-35<\/em><\/td>\n<\/tr>\n<tr>\n<td width=\"183\"><em>Luther t\u00e9r<\/em><\/td>\n<td width=\"416\"><em>1-6<\/em><\/td>\n<\/tr>\n<tr>\n<td width=\"183\"><em>Jeszenszky<\/em><\/td>\n<td width=\"416\"><em>2-4, 1-11<\/em><\/td>\n<\/tr>\n<tr>\n<td width=\"183\"><em>Kod\u00e1ly<\/em><\/td>\n<td width=\"416\"><em>1-39, 2-38<\/em><\/td>\n<\/tr>\n<tr>\n<td width=\"183\"><em>K\u00f6r\u00f6starcsai<\/em><\/td>\n<td width=\"416\"><em>19-85, 24-96<\/em><\/td>\n<\/tr>\n<tr>\n<td width=\"183\"><em>Kinizsi<\/em><\/td>\n<td width=\"416\"><em>1-31, 2-8<\/em><\/td>\n<\/tr>\n<tr>\n<td width=\"183\"><em>V\u00e9szt\u0151i<\/em><\/td>\n<td width=\"416\"><em>48-94, 53-75<\/em><\/td>\n<\/tr>\n<tr>\n<td width=\"183\"><em>Galilei<\/em><\/td>\n<td width=\"416\"><em>10-24, 23-39<\/em><\/td>\n<\/tr>\n<tr>\n<td width=\"183\"><em>Madar\u00e1sz<\/em><\/td>\n<td width=\"416\"><em>1-83, 2-90<\/em><\/td>\n<\/tr>\n<tr>\n<td width=\"183\"><em>H\u0151s\u00f6k \u00fatja<\/em><\/td>\n<td width=\"416\"><em>1-21, 2-4<\/em><\/td>\n<\/tr>\n<tr>\n<td width=\"183\"><em>K\u00f6lcsey<\/em><\/td>\n<td width=\"416\"><em>9-19, 8-10<\/em><\/td>\n<\/tr>\n<tr>\n<td width=\"183\"><em>Liget t\u00e9r<\/em><\/td>\n<td width=\"416\"><em>5-17, 2-30<\/em><\/td>\n<\/tr>\n<tr>\n<td width=\"183\"><em>Liget<\/em><\/td>\n<td width=\"416\"><em>1-11, 4-22<\/em><\/td>\n<\/tr>\n<tr>\n<td width=\"183\"><em>Kunhalom<\/em><\/td>\n<td width=\"416\"><em>1-9, 2-8 \u00e9s Liget t\u00e9rig<\/em><\/td>\n<\/tr>\n<tr>\n<td width=\"183\"><em>Kereki<\/em><\/td>\n<td width=\"416\"><em>3-97, 2-74<\/em><\/td>\n<\/tr>\n<tr>\n<td width=\"183\"><em>Belenc\u00e9resi<\/em><\/td>\n<td width=\"416\"><em>T\u00e1ncsics &#8211; Kereki<\/em><\/td>\n<\/tr>\n<tr>\n<td width=\"183\"><em>T\u00e1ncsics<\/em><\/td>\n<td width=\"416\"><em>23-35, 24-36<\/em><\/td>\n<\/tr>\n<tr>\n<td width=\"183\"><em>B\u00e9k\u00e9si<\/em><\/td>\n<td width=\"416\"><em>1-25, 2-36<\/em><\/td>\n<\/tr>\n<tr>\n<td width=\"183\"><em>Ady<\/em><\/td>\n<td width=\"416\"><em>1-33, 2-32<\/em><\/td>\n<\/tr>\n<tr>\n<td width=\"183\"><em>Gy\u00f3ni<\/em><\/td>\n<td width=\"416\"><em>23-65, 26-62<\/em><\/td>\n<\/tr>\n<tr>\n<td width=\"183\"><em>Belentai<\/em><\/td>\n<td width=\"416\"><em>2-4<\/em><\/td>\n<\/tr>\n<tr>\n<td width=\"183\"><em>Csabai<\/em><\/td>\n<td width=\"416\"><em>1-13, 2-20<\/em><\/td>\n<\/tr>\n<tr>\n<td width=\"183\"><em>Pet\u0151fi<\/em><\/td>\n<td width=\"416\"><em>1-55, 2-54<\/em><\/td>\n<\/tr>\n<tr>\n<td width=\"183\"><em>K\u00e1lvin t\u00e9r<\/em><\/td>\n<td width=\"416\"><em>1-9<\/em><\/td>\n<\/tr>\n<tr>\n<td width=\"183\"><em>Vas\u00fat<\/em><\/td>\n<td width=\"416\"><em>K\u00e1lvin t\u00e9r &#8211; R\u00e1k\u00f3czi sug\u00e1r\u00fat<\/em><\/td>\n<\/tr>\n<tr>\n<td width=\"183\"><em>Sz\u00e1b\u00f3 \u00c1rp\u00e1d<\/em><\/td>\n<td width=\"416\"><em>1-29, 2-30<\/em><\/td>\n<\/tr>\n<tr>\n<td width=\"183\"><em>\u00c1rp\u00e1d<\/em><\/td>\n<td width=\"416\"><em>1-55, 2-52<\/em><\/td>\n<\/tr>\n<tr>\n<td width=\"183\"><em>R\u00e1k\u00f3czi s\u00fag\u00e1r\u00fat<\/em><\/td>\n<td width=\"416\"><em>1-67, 2-70<\/em><\/td>\n<\/tr>\n<tr>\n<td width=\"183\"><em>Luther utca<\/em><\/td>\n<td width=\"416\"><em>1-21\/a, 2-16<\/em><\/td>\n<\/tr>\n<tr>\n<td width=\"183\"><em>Puskin<\/em><\/td>\n<td width=\"416\"><em>1-5, 10-14<\/em><\/td>\n<\/tr>\n<tr>\n<td width=\"183\"><em>Gy\u0151ri J\u00e1nos<\/em><\/td>\n<td width=\"416\"><em>1-9, 2-10<\/em><\/td>\n<\/tr>\n<tr>\n<td width=\"183\"><em>Orlai<\/em><\/td>\n<td width=\"416\"><em>1-19, 2-16<\/em><\/td>\n<\/tr>\n<tr>\n<td width=\"183\"><em>Munk\u00e1csy<\/em><\/td>\n<td width=\"416\"><em>1-7, 2-14<\/em><\/td>\n<\/tr>\n<tr>\n<td width=\"183\"><em>\u00a0<\/em><\/td>\n<td width=\"416\"><em>\u00a0<\/em><\/td>\n<\/tr>\n<tr>\n<td colspan=\"2\" width=\"599\"><strong><em>Egyedi bek\u00f6thet\u0151s\u00e9g<\/em><\/strong><\/td>\n<\/tr>\n<tr>\n<td width=\"183\"><em>F\u0151<\/em><\/td>\n<td width=\"416\"><em>1-3<\/em><\/td>\n<\/tr>\n<tr>\n<td width=\"183\"><em>Kossuth t\u00e9r<\/em><\/td>\n<td width=\"416\"><em>2<\/em><\/td>\n<\/tr>\n<\/tbody>\n<\/table>\n","protected":false},"excerpt":{"rendered":"<p>Mez\u0151ber\u00e9ny ter\u00fclet\u00e9n a bek\u00f6thet\u0151 utc\u00e1k list\u00e1ja Standard bek\u00f6thet\u0151s\u00e9g Utcan\u00e9v H\u00e1zsz\u00e1m (t\u00f3l-ig) vagy utc\u00e1t\u00f3l-utc\u00e1ig Gyomai 1-107, 2-20 F\u0151 2-20, 5-35 Luther t\u00e9r 1-6 Jeszenszky 2-4, 1-11 Kod\u00e1ly 1-39, 2-38 K\u00f6r\u00f6starcsai 19-85, [&hellip;]<\/p>\n","protected":false},"author":2,"featured_media":0,"parent":2,"menu_order":0,"comment_status":"closed","ping_status":"closed","template":"","meta":{"footnotes":""},"class_list":["post-222","page","type-page","status-publish","hentry","has_no_thumb"],"jetpack_sharing_enabled":true,"_links":{"self":[{"href":"https:\/\/overnet.hu\/index.php?rest_route=\/wp\/v2\/pages\/222","targetHints":{"allow":["GET"]}}],"collection":[{"href":"https:\/\/overnet.hu\/index.php?rest_route=\/wp\/v2\/pages"}],"about":[{"href":"https:\/\/overnet.hu\/index.php?rest_route=\/wp\/v2\/types\/page"}],"author":[{"embeddable":true,"href":"https:\/\/overnet.hu\/index.php?rest_route=\/wp\/v2\/users\/2"}],"replies":[{"embeddable":true,"href":"https:\/\/overnet.hu\/index.php?rest_route=%2Fwp%2Fv2%2Fcomments&post=222"}],"version-history":[{"count":1,"href":"https:\/\/overnet.hu\/index.php?rest_route=\/wp\/v2\/pages\/222\/revisions"}],"predecessor-version":[{"id":223,"href":"https:\/\/overnet.hu\/index.php?rest_route=\/wp\/v2\/pages\/222\/revisions\/223"}],"up":[{"embeddable":true,"href":"https:\/\/overnet.hu\/index.php?rest_route=\/wp\/v2\/pages\/2"}],"wp:attachment":[{"href":"https:\/\/overnet.hu\/index.php?rest_route=%2Fwp%2Fv2%2Fmedia&parent=222"}],"curies":[{"name":"wp","href":"https:\/\/api.w.org\/{rel}","templated":true}]}}