{"id":2,"date":"2014-10-15T12:12:03","date_gmt":"2014-10-15T11:12:03","guid":{"rendered":"http:\/\/overnet.hu\/?page_id=2"},"modified":"2021-04-26T09:05:06","modified_gmt":"2021-04-26T08:05:06","slug":"ez-egy-minta-oldal","status":"publish","type":"page","link":"https:\/\/overnet.hu\/?page_id=2","title":{"rendered":"Szolg\u00e1ltat\u00e1si ter\u00fclet"},"content":{"rendered":"<p>A szolg\u00e1ltat\u00e1s B\u00e9k\u00e9si Kist\u00e9rs\u00e9gi T\u00e1rsul\u00e1s \u00e1ltal meg\u00e9p\u00edtett optikai h\u00e1l\u00f3zattal lefedett telep\u00fcl\u00e9sr\u00e9szeken \u00e9rhet\u0151 el, B\u00e9k\u00e9s\u00a0 \u00e9s Hajd\u00fa-Bihar megye k\u00f6vetkez\u0151 telep\u00fcl\u00e9sein:<\/p>\n<p><!--more--><\/p>\n<table>\n<tbody>\n<tr>\n<td width=\"205\"><a title=\"B\u00e9k\u00e9s\" href=\"http:\/\/overnet.hu\/?page_id=227\" target=\"_blank\" rel=\"noopener\"><strong>B\u00e9k\u00e9s<\/strong><\/a><\/td>\n<td width=\"205\"><a title=\"B\u00e9lmegyer\" href=\"http:\/\/overnet.hu\/?page_id=230\" target=\"_blank\" rel=\"noopener\"><strong>B\u00e9lmegyer<\/strong><\/a><\/td>\n<td width=\"205\"><a title=\"Biharugra\" href=\"http:\/\/overnet.hu\/?page_id=256\" target=\"_blank\" rel=\"noopener\"><strong>Biharugra<\/strong><\/a><\/td>\n<\/tr>\n<tr>\n<td width=\"205\"><a title=\"Cs\u00e1rdasz\u00e1ll\u00e1s\" href=\"http:\/\/overnet.hu\/?page_id=232\" target=\"_blank\" rel=\"noopener\"><strong>Cs\u00e1rdasz\u00e1ll\u00e1s<\/strong><\/a><\/td>\n<td width=\"205\"><a title=\"Gyomaendr\u0151d\" href=\"http:\/\/overnet.hu\/?page_id=234\" target=\"_blank\" rel=\"noopener\"><strong>Gyomaendr\u0151d<\/strong><\/a><\/td>\n<td width=\"205\"><a title=\"Hunya\" href=\"http:\/\/overnet.hu\/?page_id=236\" target=\"_blank\" rel=\"noopener\"><strong>Hunya<\/strong><\/a><\/td>\n<\/tr>\n<tr>\n<td width=\"205\"><a title=\"Kamut\" href=\"http:\/\/overnet.hu\/?page_id=224\" target=\"_blank\" rel=\"noopener\"><strong>Kamut<\/strong><\/a><\/td>\n<td width=\"205\"><a title=\"K\u00f6r\u00f6snagyhars\u00e1ny\" href=\"http:\/\/overnet.hu\/?page_id=261\" target=\"_blank\" rel=\"noopener\"><strong>K\u00f6r\u00f6snagyhars\u00e1ny<\/strong><\/a><\/td>\n<td width=\"205\"><a title=\"K\u00f6r\u00f6starcsa\" href=\"http:\/\/overnet.hu\/?page_id=238\" target=\"_blank\" rel=\"noopener\"><strong>K\u00f6r\u00f6starcsa<\/strong><\/a><\/td>\n<\/tr>\n<tr>\n<td width=\"205\"><a title=\"Ok\u00e1ny\" href=\"http:\/\/overnet.hu\/?page_id=244\" target=\"_blank\" rel=\"noopener\"><strong>Ok\u00e1ny<\/strong><\/a><\/td>\n<td width=\"205\"><a title=\"Mez\u0151ber\u00e9ny\" href=\"http:\/\/overnet.hu\/?page_id=222\" target=\"_blank\" rel=\"noopener\"><strong>Mez\u0151ber\u00e9ny<\/strong><\/a><\/td>\n<td width=\"205\"><a title=\"Murony\" href=\"http:\/\/overnet.hu\/?page_id=212\" target=\"_blank\" rel=\"noopener\"><strong>Murony<\/strong><\/a><\/td>\n<\/tr>\n<tr>\n<td width=\"205\"><a title=\"Tarhos\" href=\"http:\/\/overnet.hu\/?page_id=214\" target=\"_blank\" rel=\"noopener\"><strong>Tarhos<\/strong><\/a><\/td>\n<td width=\"205\"><a title=\"V\u00e9szt\u0151\" href=\"http:\/\/overnet.hu\/?page_id=240\" target=\"_blank\" rel=\"noopener\"><strong>V\u00e9szt\u0151<\/strong><\/a><\/td>\n<td width=\"205\"><strong><a href=\"https:\/\/overnet.hu\/?page_id=922(megnyit\u00e1s \u00faj f\u00fcl\u00f6n)\" data-wplink-url-error=\"true\">Zsad\u00e1ny<\/a><\/strong><\/td>\n<\/tr>\n<\/tbody>\n<\/table>\n<p><!--more--><\/p>\n <style type=\"text\/css\"> #ready_google_map_2{ width:500px; height:500px; float:right; border:0px solid #fae93a; margin:0px; } #gmapControlsNum_2{ width:500px } #ready_google_map_2 .gmpMarkerInfoWindow{ width:200px; height:100px; } .gmpMapDetailsContainer#gmpMapDetailsContainer_2{ height:500px; } .gmp_MapPreview#ready_google_map_2{ \/*position:absolute;*\/ width:100%; } #mapConElem_2{ width:500px } #ready_google_map_2 .gmpInfoWindowtitle { color: #A52A2A !important; font-size: 19px !important; } <\/style> <div class=\"gmp_map_opts \" id=\"mapConElem_2\"> <div class=\"gmpMapDetailsContainer\" id=\"gmpMapDetailsContainer_2\"> <div class=\"gmp_MapPreview \" id=\"ready_google_map_2\"><\/div> <\/div> <div class=\"gmpMapProControlsCon\" id=\"gmpMapProControlsCon_2\"> <\/div> <\/div>\n","protected":false},"excerpt":{"rendered":"<p>A szolg\u00e1ltat\u00e1s B\u00e9k\u00e9si Kist\u00e9rs\u00e9gi T\u00e1rsul\u00e1s \u00e1ltal meg\u00e9p\u00edtett optikai h\u00e1l\u00f3zattal lefedett telep\u00fcl\u00e9sr\u00e9szeken \u00e9rhet\u0151 el, B\u00e9k\u00e9s\u00a0 \u00e9s Hajd\u00fa-Bihar megye k\u00f6vetkez\u0151 telep\u00fcl\u00e9sein:<\/p>\n","protected":false},"author":1,"featured_media":0,"parent":0,"menu_order":0,"comment_status":"closed","ping_status":"closed","template":"","meta":{"footnotes":""},"class_list":["post-2","page","type-page","status-publish","hentry","has_no_thumb"],"jetpack_sharing_enabled":true,"_links":{"self":[{"href":"https:\/\/overnet.hu\/index.php?rest_route=\/wp\/v2\/pages\/2","targetHints":{"allow":["GET"]}}],"collection":[{"href":"https:\/\/overnet.hu\/index.php?rest_route=\/wp\/v2\/pages"}],"about":[{"href":"https:\/\/overnet.hu\/index.php?rest_route=\/wp\/v2\/types\/page"}],"author":[{"embeddable":true,"href":"https:\/\/overnet.hu\/index.php?rest_route=\/wp\/v2\/users\/1"}],"replies":[{"embeddable":true,"href":"https:\/\/overnet.hu\/index.php?rest_route=%2Fwp%2Fv2%2Fcomments&post=2"}],"version-history":[{"count":38,"href":"https:\/\/overnet.hu\/index.php?rest_route=\/wp\/v2\/pages\/2\/revisions"}],"predecessor-version":[{"id":929,"href":"https:\/\/overnet.hu\/index.php?rest_route=\/wp\/v2\/pages\/2\/revisions\/929"}],"wp:attachment":[{"href":"https:\/\/overnet.hu\/index.php?rest_route=%2Fwp%2Fv2%2Fmedia&parent=2"}],"curies":[{"name":"wp","href":"https:\/\/api.w.org\/{rel}","templated":true}]}}