{"id":143,"date":"2014-11-02T21:39:19","date_gmt":"2014-11-02T20:39:19","guid":{"rendered":"http:\/\/overnet.hu\/?page_id=143"},"modified":"2026-03-31T14:09:35","modified_gmt":"2026-03-31T13:09:35","slug":"dijak","status":"publish","type":"page","link":"https:\/\/overnet.hu\/?page_id=143","title":{"rendered":"D\u00edjak"},"content":{"rendered":"\n<p><strong>Felsz\u00e1m\u00edtott d\u00edjaink, amennyiben a hiba az \u00fcgyf\u00e9l berendez\u00e9seiben, h\u00e1l\u00f3zat\u00e1ban van:<\/strong><\/p>\n\n\n\n<p class=\"has-text-color has-link-color wp-elements-2f7ef2680962424213de9d9dfceb1d8c\" style=\"color:#098a5b\"><strong>Kisz\u00e1ll\u00e1si d\u00edj: 2025.05.01-t\u0151l: 7.000 Ft \/ alkalom<\/strong><\/p>\n\n\n\n<p class=\"has-text-color has-link-color wp-elements-75098330e94ae5b10284b725baf87d3b\" style=\"color:#098a5b\"><strong>S\u00fcrg\u0151ss\u00e9gi kisz\u00e1ll\u00e1si d\u00edj: Brutt\u00f3 15.600 Ft \/ alkalom<\/strong><\/p>\n\n\n\n<p class=\"has-text-color has-link-color wp-elements-ed3577d2e84e01385c6ef2419f68a116\" style=\"color:#098a5b\"><strong>El\u0151fizet\u0151i berendez\u00e9sek be\u00e1ll\u00edt\u00e1s\u00e1nak d\u00edja: Brutt\u00f3 10.000 Ft \/ \u00f3ra \/ f\u0151<\/strong><\/p>\n\n\n\n<p><\/p>\n\n\n\n<div class=\"wp-block-group\"><div class=\"wp-block-group__inner-container is-layout-flow wp-block-group-is-layout-flow\">\n<div class=\"wp-block-columns is-layout-flex wp-container-core-columns-is-layout-9d6595d7 wp-block-columns-is-layout-flex\">\n<div class=\"wp-block-column is-layout-flow wp-block-column-is-layout-flow\" style=\"flex-basis:100%\">\n<p class=\"has-text-color has-link-color wp-elements-650367030de3d4d15e88697c18c48b22\" style=\"color:#098a5b\"><strong><a href=\"https:\/\/overnet.hu\/wp-content\/uploads\/2026\/03\/Dijkorrekcio-2026.05.pdf\" data-type=\"attachment\" data-id=\"2466\">T\u00e1j\u00e9koztat\u00e1s a 2026 \u00e9vi d\u00edjkorrekci\u00f3r\u00f3l<\/a><\/strong><\/p>\n\n\n\n<p><span style=\"color: #ff0000;\"><a style=\"color: #ff0000;\" title=\"T\u00e9li AKCI\u00d3\" href=\"http:\/\/overnet.hu\/?page_id=85\">N\u00e9zze meg az akci\u00f3inkat is!<\/a><\/span><\/p>\n\n\n\n<ul class=\"wp-block-list\">\n<li><strong><em>Elektronikus sz\u00e1mla v\u00e1laszt\u00e1s eset\u00e9n 2025.05.01-t\u0151l brutt\u00f3 550 Ft kedvezm\u00e9ny<\/em><\/strong><\/li>\n\n\n\n<li><strong><em>K\u00e9szp\u00e9nzes vagy banki \u00e1tutal\u00e1sos fizet\u00e9si m\u00f3d eset\u00e9n 2025.05.01-t\u0151l brutt\u00f3 550 Ft kedvezm\u00e9ny<br \/><\/em><\/strong><\/li>\n<\/ul>\n\n\n\n<p>A t\u00e1j\u00e9koztat\u00e1s nem teljes k\u00f6r\u0171, tov\u00e1bbi inform\u00e1ci\u00f3k\u00e9rt keresse \u00fcgyf\u00e9lszolg\u00e1latunkat!<\/p>\n\n\n\n<!--more-->\n\n\n\n<p class=\"has-vivid-red-color has-text-color has-link-color has-medium-font-size wp-elements-e1432c8bd81bb9de9962eda567055969\"><strong>2026.04.01-t\u0151l \u00e9rv\u00e9nyes \u00e1rlista<\/strong><\/p>\n\n\n\n<figure class=\"wp-block-table is-style-stripes has-small-font-size\"><table class=\"has-fixed-layout\"><tbody><tr><td>Csomag neve<\/td><td class=\"has-text-align-center\" data-align=\"center\">Maxim\u00e1lisan el\u00e9rhet\u0151 s\u00e1vsz\u00e9less\u00e9g<\/td><td class=\"has-text-align-center\" data-align=\"center\">Rendes k\u00f6r\u00fclm\u00e9nyek k\u00f6z\u00f6tt el\u00e9rhet\u0151<\/td><td class=\"has-text-align-center\" data-align=\"center\">Minim\u00e1lisan el\u00e9rhet\u0151 s\u00e1vsz\u00e9less\u00e9g<\/td><td class=\"has-text-align-center\" data-align=\"center\">Hat\u00e1rozatlan idej\u0171 szerz\u0151d\u00e9s eset\u00e9n fizetend\u0151 brutt\u00f3 \u00e1rak 2026.04.01-t\u0151l <\/td><td class=\"has-text-align-center\" data-align=\"center\">Hat\u00e1rozatlan idej\u0171 szerz\u0151d\u00e9s eset\u00e9n fizetend\u0151 brutt\u00f3 \u00e1rak 2026.05.01-t\u0151l <\/td><\/tr><tr><td>GigaNet 300<\/td><td class=\"has-text-align-center\" data-align=\"center\">300 \/ 300<\/td><td class=\"has-text-align-center\" data-align=\"center\">200\u00a0 \/ 200<\/td><td class=\"has-text-align-center\" data-align=\"center\">90 \/ 90<\/td><td class=\"has-text-align-center\" data-align=\"center\">8.096 Ft<\/td><td class=\"has-text-align-center\" data-align=\"center\">8.096 Ft<\/td><\/tr><tr><td>GigaNet 500<\/td><td class=\"has-text-align-center\" data-align=\"center\">500 \/ 500<\/td><td class=\"has-text-align-center\" data-align=\"center\">350 \/ 350<\/td><td class=\"has-text-align-center\" data-align=\"center\">190\u00a0\/ 190<\/td><td class=\"has-text-align-center\" data-align=\"center\">9.446 Ft<\/td><td class=\"has-text-align-center\" data-align=\"center\">9.446 Ft<\/td><\/tr><tr><td>GigaNet 1000<\/td><td class=\"has-text-align-center\" data-align=\"center\">1000 \/ 1000<\/td><td class=\"has-text-align-center\" data-align=\"center\">800 \/ 800<\/td><td class=\"has-text-align-center\" data-align=\"center\">350 \/ 350<\/td><td class=\"has-text-align-center\" data-align=\"center\">10.146 Ft<\/td><td class=\"has-text-align-center\" data-align=\"center\">10.146 Ft<\/td><\/tr><\/tbody><\/table><\/figure>\n\n\n\n<p>Keressen minket a szolg\u00e1ltat\u00e1sok el\u00e9rhet\u0151s\u00e9g\u00e9vel kapcsolatban.<\/p>\n\n\n\n<p class=\"has-black-color has-text-color has-link-color has-small-font-size wp-elements-58664886fa2784cc4562dbfaedb557c4\"><span style=\"color: #ff0000;\">Az \u00e1rlista a kedvezm\u00e9nyeket nem tartalmazza!<\/span><\/p>\n\n\n\n<p><\/p>\n\n\n\n<figure class=\"wp-block-table is-style-stripes has-small-font-size\"><table class=\"has-fixed-layout\"><tbody><tr><td class=\"has-text-align-left\" data-align=\"left\">Csomag neve<\/td><td class=\"has-text-align-center\" data-align=\"center\">Maxim\u00e1lisan el\u00e9rhet\u0151 s\u00e1vsz\u00e9less\u00e9g<\/td><td class=\"has-text-align-center\" data-align=\"center\">Rendes k\u00f6r\u00fclm\u00e9nyek k\u00f6z\u00f6tt el\u00e9rhet\u0151<\/td><td class=\"has-text-align-center\" data-align=\"center\">Minim\u00e1lisan el\u00e9rhet\u0151 s\u00e1vsz\u00e9less\u00e9g<\/td><td class=\"has-text-align-center\" data-align=\"center\">Hat\u00e1rozatlan idej\u0171 szerz\u0151d\u00e9s eset\u00e9n fizetend\u0151 brutt\u00f3 \u00e1rak 2025.05.01-t\u0151l (D\u00edjkorrekci\u00f3val m\u00f3dosult \u00e1rak)<\/td><td class=\"has-text-align-center\" data-align=\"center\">Hat\u00e1rozatlan idej\u0171 szerz\u0151d\u00e9s eset\u00e9n fizetend\u0151 brutt\u00f3 \u00e1rak 2026.05.01-t\u0151l (D\u00edjkorrekci\u00f3val m\u00f3dosult \u00e1rak)<\/td><\/tr><tr><td class=\"has-text-align-left\" data-align=\"left\">MegaNet 2022<\/td><td class=\"has-text-align-center\" data-align=\"center\">80 \/ 80<\/td><td class=\"has-text-align-center\" data-align=\"center\">50 \/ 50<\/td><td class=\"has-text-align-center\" data-align=\"center\">20 \/ 20<\/td><td class=\"has-text-align-center\" data-align=\"center\">8.492 Ft<\/td><td class=\"has-text-align-center\" data-align=\"center\">8.865 Ft<\/td><\/tr><tr><td class=\"has-text-align-left\" data-align=\"left\">GigaNet 2022<\/td><td class=\"has-text-align-center\" data-align=\"center\">90 \/ 90<\/td><td class=\"has-text-align-center\" data-align=\"center\">55 \/ 55<\/td><td class=\"has-text-align-center\" data-align=\"center\">30 \/ 30<\/td><td class=\"has-text-align-center\" data-align=\"center\">9.815 Ft<\/td><td class=\"has-text-align-center\" data-align=\"center\">10.245 Ft<\/td><\/tr><tr><td class=\"has-text-align-left\" data-align=\"left\">OverNet 2022<\/td><td class=\"has-text-align-center\" data-align=\"center\">100 \/ 100<\/td><td class=\"has-text-align-center\" data-align=\"center\">60 \/ 60<\/td><td class=\"has-text-align-center\" data-align=\"center\">40 \/ 40<\/td><td class=\"has-text-align-center\" data-align=\"center\">10.487 Ft<\/td><td class=\"has-text-align-center\" data-align=\"center\">10.945 Ft<\/td><\/tr><tr><td class=\"has-text-align-left\" data-align=\"left\">OverNet Pr\u00e9mium 2022<\/td><td class=\"has-text-align-center\" data-align=\"center\">550 \/ 550<\/td><td class=\"has-text-align-center\" data-align=\"center\">100 \/ 100<\/td><td class=\"has-text-align-center\" data-align=\"center\">50 \/ 50<\/td><td class=\"has-text-align-center\" data-align=\"center\">11.817 Ft<\/td><td class=\"has-text-align-center\" data-align=\"center\">12.335 Ft<\/td><\/tr><tr><td class=\"has-text-align-left\" data-align=\"left\">OverNet \u00dczleti 2022<\/td><td class=\"has-text-align-center\" data-align=\"center\">100 \/ 100<\/td><td class=\"has-text-align-center\" data-align=\"center\">60 \/ 60<\/td><td class=\"has-text-align-center\" data-align=\"center\">40 \/ 40<\/td><td class=\"has-text-align-center\" data-align=\"center\">19.080 Ft<\/td><td class=\"has-text-align-center\" data-align=\"center\">19.920 Ft<\/td><\/tr><tr><td class=\"has-text-align-left\" data-align=\"left\">5 G P2P<\/td><td class=\"has-text-align-center\" data-align=\"center\">15 \/ 15<\/td><td class=\"has-text-align-center\" data-align=\"center\">1,0&nbsp; \/ 1,0<\/td><td class=\"has-text-align-center\" data-align=\"center\">0,5 \/ 0,5<\/td><td class=\"has-text-align-center\" data-align=\"center\">9.532 Ft<\/td><td class=\"has-text-align-center\" data-align=\"center\">9.950 Ft<\/td><\/tr><\/tbody><\/table><\/figure>\n\n\n\n<p>Kor\u00e1bbi d\u00edjcsomagjainkra m\u00e1r nem k\u00f6t\u00fcnk \u00fajabb hat\u00e1rozott idej\u0171 szerz\u0151d\u00e9st:<\/p>\n\n\n\n<p><\/p>\n\n\n\n<figure class=\"wp-block-table is-style-stripes has-small-font-size\"><table class=\"has-fixed-layout\"><tbody><tr><td>Csomag neve<\/td><td class=\"has-text-align-center\" data-align=\"center\">Maxim\u00e1lisan el\u00e9rhet\u0151 s\u00e1vsz\u00e9less\u00e9g<\/td><td class=\"has-text-align-center\" data-align=\"center\">Rendes k\u00f6r\u00fclm\u00e9nyek k\u00f6z\u00f6tt el\u00e9rhet\u0151<\/td><td class=\"has-text-align-center\" data-align=\"center\">Minim\u00e1lisan el\u00e9rhet\u0151 s\u00e1vsz\u00e9less\u00e9g<\/td><td class=\"has-text-align-center\" data-align=\"center\">Hat\u00e1rozatlan idej\u0171 szerz\u0151d\u00e9s eset\u00e9n fizetend\u0151 brutt\u00f3 \u00e1rak 2025.05.01-t\u0151l (D\u00edjkorrekci\u00f3val m\u00f3dosult \u00e1rak)<\/td><td class=\"has-text-align-center\" data-align=\"center\">Hat\u00e1rozatlan idej\u0171 szerz\u0151d\u00e9s eset\u00e9n fizetend\u0151 brutt\u00f3 \u00e1rak 2026.05.01-t\u0151l (D\u00edjkorrekci\u00f3val m\u00f3dosult \u00e1rak)<\/td><\/tr><tr><td>MegaNet<\/td><td class=\"has-text-align-center\" data-align=\"center\">80 \/ 50<\/td><td class=\"has-text-align-center\" data-align=\"center\">50&nbsp; \/ 50<\/td><td class=\"has-text-align-center\" data-align=\"center\">20 \/ 20<\/td><td class=\"has-text-align-center\" data-align=\"center\">9.550 Ft<\/td><td class=\"has-text-align-center\" data-align=\"center\">9.970 Ft<\/td><\/tr><tr><td>GigaNet<\/td><td class=\"has-text-align-center\" data-align=\"center\">90 \/ 80<\/td><td class=\"has-text-align-center\" data-align=\"center\">55 \/ 55<\/td><td class=\"has-text-align-center\" data-align=\"center\">30&nbsp; \/30<\/td><td class=\"has-text-align-center\" data-align=\"center\">11.435 Ft<\/td><td class=\"has-text-align-center\" data-align=\"center\">11.935 Ft<\/td><\/tr><tr><td>OverNet<\/td><td class=\"has-text-align-center\" data-align=\"center\">100 \/ 100<\/td><td class=\"has-text-align-center\" data-align=\"center\">60 \/ 60<\/td><td class=\"has-text-align-center\" data-align=\"center\">40 \/ 40<\/td><td class=\"has-text-align-center\" data-align=\"center\">12.105 Ft<\/td><td class=\"has-text-align-center\" data-align=\"center\">12.636 Ft<\/td><\/tr><tr><td>OverNetSLA<\/td><td class=\"has-text-align-center\" data-align=\"center\">100 \/ 100<\/td><td class=\"has-text-align-center\" data-align=\"center\">60 \/ 60<\/td><td class=\"has-text-align-center\" data-align=\"center\">40 \/ 40<\/td><td class=\"has-text-align-center\" data-align=\"center\">21.070 Ft<\/td><td class=\"has-text-align-center\" data-align=\"center\">21.995 Ft<\/td><\/tr><tr><td><\/td><td class=\"has-text-align-center\" data-align=\"center\"><\/td><td class=\"has-text-align-center\" data-align=\"center\"><\/td><td class=\"has-text-align-center\" data-align=\"center\"><\/td><td class=\"has-text-align-center\" data-align=\"center\"><\/td><td class=\"has-text-align-center\" data-align=\"center\"><\/td><\/tr><\/tbody><\/table><\/figure>\n\n\n\n\n\n\n\n<!--more-->\n\n\n\n<p>Az OverNet Kft. szolg\u00e1ltat\u00e1saira vonatkoz\u00f3 \u00c1ltal\u00e1nos Szerz\u0151d\u00e9si Felt\u00e9telei teljes sz\u00f6vege hat\u00e1lybal\u00e9p\u00e9sig \u00e9s azt k\u00f6vet\u0151en is megtekinthet\u0151 \u00fcgyf\u00e9lszolg\u00e1lati irod\u00e1nkban, valamint a <a href=\"http:\/\/www.overnet.hu\">www.overnet.hu<\/a> weboldalon.<\/p>\n\n\n\n<p>Amennyiben az el\u0151z\u0151ek szerinti m\u00f3dos\u00edt\u00e1s az el\u0151fizet\u0151 sz\u00e1m\u00e1ra h\u00e1tr\u00e1nyos rendelkez\u00e9seket tartalmaz, az el\u0151fizet\u0151 az \u00e9rtes\u00edt\u00e9st\u0151l sz\u00e1m\u00edtott 45 napon bel\u00fcl tov\u00e1bbi jogk\u00f6vetkezm\u00e9nyek n\u00e9lk\u00fcl jogosult felmondani a hat\u00e1rozott id\u0151tartam\u00fa el\u0151fizet\u0151i szerz\u0151d\u00e9st. Nem mondhatja fel az el\u0151fizet\u0151 a hat\u00e1rozott id\u0151tartam\u00fa el\u0151fizet\u0151i szerz\u0151d\u00e9st ilyen esetben akkor, ha az el\u0151fizet\u0151i szerz\u0151d\u00e9st a hat\u00e1rozott id\u0151tartamb\u00f3l ered\u0151 kedvezm\u00e9nyek figyelembev\u00e9tel\u00e9vel k\u00f6t\u00f6tte meg, \u00e9s a m\u00f3dos\u00edt\u00e1s a kapott kedvezm\u00e9nyeket nem \u00e9rinti. Amennyiben a m\u00f3dos\u00edt\u00e1s a kapott kedvezm\u00e9nyeket \u00e9rinti, \u00e9s az el\u0151fizet\u0151 felmondja a hat\u00e1rozott id\u0151tartam\u00fa el\u0151fizet\u0151i szerz\u0151d\u00e9st, a szolg\u00e1ltat\u00f3 az el\u0151fizet\u0151t\u0151l nem k\u00f6vetelheti a szerz\u0151d\u00e9s felmond\u00e1s\u00e1t k\u00f6vet\u0151 id\u0151szakra es\u0151 kedvezm\u00e9ny \u00f6sszeg\u00e9t. Ebben az esetben a szerz\u0151d\u00e9s felmond\u00e1si ideje legfeljebb 8 nap lehet, a szolg\u00e1ltat\u00f3 az ig\u00e9nybe vett kedvezm\u00e9nyeket a felmond\u00e1si id\u0151 lej\u00e1rt\u00e1ig jogosult felsz\u00e1m\u00edtani.<\/p>\n\n\n\n<p>Amennyiben ezzel kapcsolatban b\u00e1rmilyen k\u00e9rd\u00e9se mer\u00fclne fel, k\u00e9rj\u00fck h\u00edvja \u00dcgyf\u00e9lszolg\u00e1latunkat, ahol munkat\u00e1rsaink k\u00e9szs\u00e9ggel \u00e1llnak \u00fcgyfeleink rendelkez\u00e9s\u00e9re.<\/p>\n\n\n\n<p>K\u00f6sz\u00f6nve, tisztelettel:<\/p>\n\n\n\n<p>Schultz G\u00e1bor, \u00fcgyvezet\u0151 OverNet Kft.<\/p>\n<\/div>\n<\/div>\n<\/div><\/div>\n\n\n\n<p><\/p>\n","protected":false},"excerpt":{"rendered":"<p>T\u00e1j\u00e9koztat\u00e1s a 2026 \u00e9vi d\u00edjkorrekci\u00f3r\u00f3l N\u00e9zze meg az akci\u00f3inkat is! Elektronikus sz\u00e1mla v\u00e1laszt\u00e1s eset\u00e9n 2025.05.01-t\u0151l brutt\u00f3 550 Ft kedvezm\u00e9ny K\u00e9szp\u00e9nzes vagy banki \u00e1tutal\u00e1sos fizet\u00e9si m\u00f3d eset\u00e9n 2025.05.01-t\u0151l brutt\u00f3 550 Ft [&hellip;]<\/p>\n","protected":false},"author":2,"featured_media":0,"parent":0,"menu_order":0,"comment_status":"closed","ping_status":"closed","template":"page-templates\/template-blogroll.php","meta":{"footnotes":""},"class_list":["post-143","page","type-page","status-publish","hentry","has_no_thumb"],"jetpack_sharing_enabled":true,"_links":{"self":[{"href":"https:\/\/overnet.hu\/index.php?rest_route=\/wp\/v2\/pages\/143","targetHints":{"allow":["GET"]}}],"collection":[{"href":"https:\/\/overnet.hu\/index.php?rest_route=\/wp\/v2\/pages"}],"about":[{"href":"https:\/\/overnet.hu\/index.php?rest_route=\/wp\/v2\/types\/page"}],"author":[{"embeddable":true,"href":"https:\/\/overnet.hu\/index.php?rest_route=\/wp\/v2\/users\/2"}],"replies":[{"embeddable":true,"href":"https:\/\/overnet.hu\/index.php?rest_route=%2Fwp%2Fv2%2Fcomments&post=143"}],"version-history":[{"count":91,"href":"https:\/\/overnet.hu\/index.php?rest_route=\/wp\/v2\/pages\/143\/revisions"}],"predecessor-version":[{"id":2485,"href":"https:\/\/overnet.hu\/index.php?rest_route=\/wp\/v2\/pages\/143\/revisions\/2485"}],"wp:attachment":[{"href":"https:\/\/overnet.hu\/index.php?rest_route=%2Fwp%2Fv2%2Fmedia&parent=143"}],"curies":[{"name":"wp","href":"https:\/\/api.w.org\/{rel}","templated":true}]}}